uppose 0 = -2*v + 5*v - 9. Let m = h + v. Calculate the highest common factor of m and 2.
2
Suppose 2*s - 81 = -3*x, -5*s - 5*x + 4*x + 196 = 0. What is the highest common divisor of 26 and s?
13
Let o be 1*(2 + (-1 - 0)). Suppose -5*i = -0 - 35. Let j = -2 + i. What is the highest common factor of o and j?
1
Suppose -7*z + 195 + 57 = 0. Calculate the highest common divisor of z and 12.
12
Suppose 3*a = -2*c - 0*c + 58, 5*a = -4*c + 96. Suppose -7*s - a = -12*s. Calculate the greatest common factor of s and 4.
4
Let m(n) = n**2 - 5*n + 2. Let u be m(7). What is the highest common divisor of 128 and u?
16
Let u(b) = -b**3 - 8*b**2 - 12*b - 13. Let d be u(-7). Suppose 4 = -0*s - 2*s. Let f = 13 + s. What is the greatest common divisor of d and f?
11
Suppose 2*o - o - 543 = 0. Suppose -3*q + o = 2*r + 3*r, 3*r = 3*q - 519. Let u(c) = 16*c**3. Let j be u(1). Calculate the greatest common factor of q and j.
16
Let b(v) = v + 21. Let h be b(-14). What is the greatest common factor of h and 14?
7
Let l = -1 + 10. Suppose -4*o - 324 = -4*r, 5*r + o = 5*o + 405. Suppose -w = h + 3*w - 33, -r = -2*h - 3*w. Calculate the greatest common factor of l and h.
9
Let f = -80 + 122. What is the highest common factor of 6 and f?
6
Let d = 32 + -28. Suppose 22 = d*b - 66. Calculate the highest common factor of 33 and b.
11
Let z = -12 - -52. Suppose -4*b = -0*b - 20. What is the greatest common divisor of b and z?
5
Let x(d) = 28*d**2 - 3*d + 7. Let y be x(3). What is the highest common divisor of y and 25?
25
Suppose 5*j = 15, -3*z + 4*z + 2*j = 12. What is the greatest common divisor of 54 and z?
6
Suppose -5*j + 10 = -15. Let h(l) = 3*l - 19. Let z be h(8). Calculate the highest common factor of j and z.
5
Let t be 1*55*-4*(-2)/20. What is the highest common factor of t and 110?
22
Let a be ((-56)/20)/((-1)/10). What is the greatest common factor of 7 and a?
7
Let f(c) = 2*c**2 - 2*c - 2. Let v be f(-2). Suppose 0*r - r = -v. Calculate the greatest common factor of 80 and r.
10
Let l be (-30)/(-225) + (-73)/(-15). What is the highest common divisor of 1 and l?
1
Suppose 3*v - 25 = -2*o, -7 = -o + 4*v - 0*v. Calculate the greatest common divisor of o and 1.
1
Let j = -1 + 21. Let q = -5 + j. Suppose -3*v + 12 = -18. Calculate the highest common divisor of v and q.
5
Suppose 0*q + 3 = 3*q. Calculate the highest common divisor of q and 11.
1
Let g(h) = 7*h**2 + 8*h - 1. Let t be g(-2). Calculate the highest common divisor of 176 and t.
11
Let b = -33 - -21. Let m be (-74)/b - 3/18. Calculate the greatest common divisor of 30 and m.
6
Suppose -3*g + 4*u = u + 501, 3 = -3*u. Let z = -120 - g. Calculate the greatest common divisor of 32 and z.
16
Let w(r) = -35*r. Let x be w(-3). Let z = -14 + x. Let l = 18 - 5. What is the greatest common factor of l and z?
13
Let x be (-82)/(-8) - (-2)/(-8). Let t = -58 + 4. Let w = t - -124. Calculate the greatest common divisor of x and w.
10
Suppose -p + 1 + 8 = 0. Let l be 4/((3/1)/p). What is the greatest common factor of 36 and l?
12
Let u(s) = -s**3 + 6*s**2 - 4*s + 2. Let x be u(7). Let d = x - -130. What is the highest common divisor of 11 and d?
11
Let s be -12 - (1 + 2) - 3. Let w = 31 + s. What is the greatest common factor of w and 65?
13
Let z = -29 - -42. What is the greatest common divisor of 104 and z?
13
Let p(l) = l**3 + 6*l**2 - 8*l - 9. Let z be p(-5). Calculate the greatest common factor of 28 and z.
28
Let b be (-3 - -5)*(-6)/(-4). Suppose 0 = b*x - 0*x + 54. Let w be x/(-21)*(28 + 0). Calculate the highest common factor of w and 12.
12
Let q be ((-2)/(-5))/(18/90). What is the greatest common divisor of 14 and q?
2
Suppose -5*q + 610 = 85. What is the greatest common factor of 30 and q?
15
Let d be (-74)/14 - 4/(-14). Let t(a) = a**3 + a**2 - a + 2. Let f be t(d). Let o = -25 - f. What is the greatest common factor of o and 17?
17
Suppose 0 = 3*h - 5*s - 27, h + h + 5*s + 7 = 0. Suppose 0 = 2*n - 5*t + 18, -t = h*n - 0*t - 8. Calculate the greatest common divisor of n and 3.
1
Let f be 5*((-26)/(-5) - 2). Suppose -2*j + f = 4*m, 4*m = -3*j - m + 24. What is the highest common factor of j and 8?
8
Let s = -11 - -22. Let i(h) = 27*h - 9. Let x be i(4). What is the greatest common divisor of s and x?
11
Let l(c) = -2*c - 12. Let m be l(-8). Calculate the greatest common factor of m and 3.
1
Let f = 32 + -13. Let y(c) = -18*c + 9. Let n be y(-9). Suppose 3*q = 6*q - n. Calculate the greatest common divisor of q and f.
19
Let i = 1 - -1. Let p(o) = -o**2 - o - 1. Let a(h) = h**2 + 8*h + 6. Let c(x) = a(x) + 2*p(x). Let z be c(6). Calculate the greatest common divisor of z and i.
2
Suppose -5*i = 3*b + 67, 3*i + 13 = 3*b - 8. Let x = -4 - i. Suppose 3 = 2*r - 11. Calculate the greatest common divisor of r and x.
7
Let q(p) = -p**3 - 6*p**2 - 2*p - 3. Let k be q(-6). Let i = k - 5. Calculate the greatest common divisor of 2 and i.
2
Let i = -7 - -8. Calculate the greatest common factor of 7 and i.
1
Let m be 1/(-2) - 18/(-4). Let w(c) = -c**2 + 3*c + 5. Let l be w(m). Let x be -1 + -1 + l + 34. What is the greatest common divisor of x and 22?
11
Suppose 0 = -t - 24 + 94. Calculate the greatest common factor of 14 and t.
14
Suppose -5*y + 217 + 223 = 0. What is the highest common divisor of y and 11?
11
Let k(y) = y**2 + 2*y - 1. Let w be k(1). Let v = w + 2. Calculate the highest common divisor of 2 and v.
2
Suppose 72 = -2*c + 6*c. What is the greatest common factor of c and 30?
6
Let h be (-32)/16*(-154)/4. What is the highest common divisor of h and 11?
11
Let a be (4/(-4))/(1/5). Let b(u) = -2*u - 4. Let g be b(a). Calculate the highest common factor of g and 48.
6
Suppose -4*b = -1231 + 399. What is the greatest common divisor of b and 26?
26
Let c(g) = g**3 - 5*g**2 - 7*g + 9. Let b be c(6). Suppose 0 = -h - b*h. Suppose h = -5*o - 66 + 286. Calculate the highest common divisor of o and 11.
11
Suppose -130 = -3*n + 5*s, -7*n + 9*n = -2*s + 92. Let h = -3 + 8. Calculate the highest common factor of n and h.
5
Let m = 112 - 16. Let z(j) = -3 - 2*j**2 + 2*j**2 + 8*j - j**2. Let c be z(3). What is the greatest common factor of c and m?
12
Suppose 0 = -3*q + 61 + 20. What is the highest common factor of q and 81?
27
Let b = 116 - 94. Let r be 150/14 - (-6)/21. What is the highest common divisor of b and r?
11
Suppose -6*d = -5*d + 5*v - 13, -4*d + 16 = 2*v. Suppose 0 = t - y - 13, -2*t - 2*y - 8 = -d*t. Calculate the greatest common divisor of 9 and t.
9
Suppose p - 166 = -2*p - m, -4*m + 279 = 5*p. Calculate the highest common divisor of 11 and p.
11
Suppose 5*m = 6*m. Suppose d = -h + 6*d + 25, h - d - 9 = m. Calculate the highest common factor of 15 and h.
5
Let o(g) = 11*g - 3. Let x be o(2). Calculate the highest common factor of 152 and x.
19
Suppose -4*a = -9*a + 30. Let x be (3 + a)*(-1 + 7). Suppose -4*h + h = -x. What is the greatest common divisor of 2 and h?
2
Suppose -4*s - 66 = -7*s. Calculate the greatest common divisor of s and 55.
11
Let j(x) = x**2 - 4*x + 6. Let a be j(5). Let u = 17 - a. Suppose -4*n + n + 4*c = -27, 2*c = -u. What is the greatest common divisor of n and 2?
1
Let x(p) = -11*p + 11. Let u be x(-8). What is the highest common factor of 11 and u?
11
Let c(w) = w**2 - 2*w - 6. Let i be c(-4). Suppose i = 5*o - 7. Suppose 2*s - 3*j = -7, 4*j - 5 = o*s - j. What is the highest common divisor of 44 and s?
4
Suppose -72 = -4*u + 48. Suppose -3*z + 4*t + 52 = 0, z - 2*t = 5 + 15. What is the greatest common factor of u and z?
6
Let s = 10 - -14. Calculate the greatest common factor of 36 and s.
12
Let g be 0/(2*3/(-6)). Suppose g = -2*r + r + 33. What is the greatest common divisor of r and 3?
3
Let b = 23 - 7. Suppose 0*c = 4*c. Suppose c = 2*g - 5*g + 144. Calculate the highest common factor of b and g.
16
Suppose -8 - 8 = -4*k. Suppose 3*v - b = 11, 0 = -k*v - 3*b + 21 + 11. Suppose 55 = v*s - 4*s. Calculate the greatest common divisor of s and 11.
11
Suppose 0 = 5*r + 3*l - 954, 6*l - 3*l - 378 = -2*r. Suppose -b - 3*b = -r. What is the greatest common factor of 6 and b?
6
Let p be 1/(2*1/6). Let h be 4/(0 + -4) - -13. Suppose 24 = p*d - h. What is the highest common divisor of 18 and d?
6
Let d = 107 + -62. What is the greatest common factor of 9 and d?
9
Let s = 30 - 7. What